. Let f be k(-7). What is the units digit of (-105)/(-9) + f/6?
2
Suppose 0 = -3*w + 2 + 13. Suppose -6*p + p + w = 0. Let n(j) = 4*j**2 + 2*j - 1. What is the units digit of n(p)?
5
Let p(q) = -q**3 + 7*q**2 - 3*q - 6. What is the units digit of p(6)?
2
Let u(j) = j**2 - 7*j. Let s be u(8). What is the units digit of 380/s - 3/6?
7
Let t(x) = x**2 - 13*x - 25. What is the units digit of t(18)?
5
Suppose -l - 4*k + 105 = 0, -4*l - 5*k + 79 = -341. Suppose 4*i + 5*c = l, -i - c + 5*c = 0. What is the tens digit of i?
2
Suppose -5*x = -2*d + 61, 2*d = 14*x - 12*x + 58. What is the units digit of d?
8
Let f be 19/((-20)/12 + 2). Let v = 89 - f. What is the tens digit of v?
3
Suppose a = -5*a + 630. What is the units digit of a?
5
Let g(b) = 4*b**2 - b + 1. Let i be g(1). Let o(d) = -d**2 - d + 24. Let m be o(0). Suppose -2*y + m = 4*h, -i + 1 = -y + h. What is the units digit of y?
6
Let s be (-3)/(-3)*3 + 10. Suppose -8 = -2*k + u, -2*k - 3 = 5*u + s. What is the units digit of k?
2
Let x = 123 + -52. What is the units digit of x?
1
Suppose -3*j = -2*m + 11, 0 = 3*m + 4*j + 18 - 77. What is the tens digit of m?
1
What is the tens digit of -1 - -5 - (-82 + -1)?
8
Let j = 3 - 6. Let z(k) = k**3 + 8*k**2 + 3*k. Let c be z(j). Suppose -4*s + q + c = 0, 4*s = -3*q + 7 + 13. What is the units digit of s?
8
Let h = 98 - 65. What is the tens digit of h?
3
Suppose 4*z - 88 - 28 = 0. What is the tens digit of z?
2
Suppose -4*k - 2*z + 426 = 0, 0 = -5*k - 8*z + 4*z + 534. What is the units digit of k?
6
Suppose -k + 16 = -20. Suppose -5*r - 4*g = -111, -3*r + 3*g = -k - 9. What is the tens digit of r?
1
Let y(g) = 27*g**2 + 8. What is the units digit of y(2)?
6
What is the units digit of (-48)/(-10) + (-1)/(-5)?
5
Suppose -3*n + 624 = -522. What is the hundreds digit of n?
3
Let j = 20 - -76. Suppose 24 = -4*u + j. What is the units digit of u?
8
What is the tens digit of (20 + 0)*(-1353)/(-132)?
0
Let s(i) = -2*i + 4*i - 6*i - 15*i - 2. What is the tens digit of s(-3)?
5
Suppose -56 = l + 3*l. Let a(w) = w**3 + w**2 - 1. Let v be a(3). Let y = l + v. What is the units digit of y?
1
Suppose -26 = -5*s - 6. Suppose 4*h + 3*i - 72 = -0*h, s*h - 3*i - 96 = 0. What is the units digit of h?
1
Suppose 5*a - 95 = 5*u, 6*u - 2*u = -a + 4. What is the units digit of a?
6
Let u = 49 - 21. What is the units digit of u?
8
Suppose 123*y + 117 = 126*y. What is the units digit of y?
9
Suppose 0 = -24*l + 30*l - 786. What is the hundreds digit of l?
1
Suppose -4*q + 3*t = -701, -3*q + 356 = -q + 4*t. What is the hundreds digit of q?
1
Let n = -48 - -105. What is the units digit of n?
7
Suppose -4*t + 13 + 35 = 0. What is the units digit of -3 + 4/6*t?
5
What is the tens digit of (-1)/4*2*-66?
3
Let z = 0 - -58. What is the units digit of z?
8
Suppose 2*f - 5 + 1 = 0. Suppose 46 = f*u + 5*v, u - 2*v - 5 = -0*u. What is the units digit of u?
3
Let d(i) = 2*i + 4. Let s be d(8). What is the units digit of (-84)/(-10) - 8/s?
8
Let s = 21 + -14. Let h = s - -19. What is the units digit of h?
6
Let s be -6*12/(-9)*8. Suppose -3*z = -z - s. What is the units digit of z?
2
Let v = -27 + 75. Suppose -4*b + v = -b. What is the units digit of b?
6
What is the units digit of -1*2*(-15)/10?
3
Let f = 23 + 57. What is the tens digit of f?
8
Suppose 5*v - 35 = 30. What is the units digit of v?
3
Let k(n) = -n**3 - 2*n**2 + 4*n + 5. Let q be k(4). Let x = 127 + q. What is the units digit of x?
2
Let q be 4 + -1 - 2 - -3. Let p(z) = -z**3 + 5*z**2 - 2. Let f be p(q). Suppose r + r - f = 0. What is the units digit of r?
7
Let x = -100 + 145. What is the units digit of x?
5
Let d be 2/(((-5)/(-2))/5). Suppose -3*s + 8 = -7*s, -5*w + d*s + 113 = 0. Let j = -8 + w. What is the units digit of j?
3
Let t(y) = -y**2 + 9*y - 4. Let g = -5 + 9. Suppose 30 = g*v + 2. What is the tens digit of t(v)?
1
Let t(k) = 2*k**3 - 6*k**2 + k - 1. Let q be t(4). Let o be 1/(-1) - (-1 - q). Suppose 0 = 5*b + 2*y - o, y + 7 = b + 3*y. What is the units digit of b?
7
Let s = -4 - 0. Let z = -2 - s. Suppose -2*j + 4*m = -4, z*m - 12 + 2 = -2*j. What is the units digit of j?
4
Let k(u) = u + 3. Let x be k(-6). Let l(a) = -2*a**2 - 4*a + 1. Let y be l(x). Let b(j) = j**3 + 6*j**2 + 4*j + 1. What is the units digit of b(y)?
6
Suppose -100 = -5*p - 5*u, 0*u = -p + u + 12. Let g = -8 + p. What is the units digit of g?
8
What is the units digit of (-1284)/(-20) + -3 - (-3)/(-15)?
1
Suppose 0 = 4*x - 4*h - 316, 4*x = -3*h - 2*h + 307. What is the tens digit of x?
7
Let c = 4 + -2. Suppose -c*v = v + 9, 4*v - 40 = -4*k. What is the tens digit of k?
1
Let u be 4*((-33)/12 + 2). Let b be -5*u/(15/(-2)). Let z = b + 7. What is the units digit of z?
5
Let g(a) be the first derivative of 2*a**2 - a + 1/4*a**4 - 4/3*a**3 + 2. What is the units digit of g(3)?
2
Suppose -h + g - 72 = 2*h, 4*h = 4*g - 88. Let s = -14 - h. Let i(v) = v**2 - 9*v - 15. What is the units digit of i(s)?
7
Let m = 66 + -20. Suppose -b = 3*f - 1, -2*f - 6 = 3*b - 4*b. What is the tens digit of m/4 + f/(-2)?
1
Let v(u) = -2*u**2 - u + 2. Let q be v(-2). Let m(w) = w**2 + 3*w - 2. Let t be m(q). What is the units digit of 4*t - (-5 - -6)?
7
Suppose 0*b - 8 = -4*b. Suppose 6*r - 2*r - b*d - 110 = 0, 0 = 2*d - 2. Suppose r = k + 3*k. What is the units digit of k?
7
Suppose 0 = -9*r + 5*r + 880. What is the tens digit of r?
2
What is the tens digit of (-1)/(4 - ((-468)/58)/(-2))?
2
Let h = 0 - 3. Let j be (-46)/(1*h/3). Suppose 5*r - j = -11. What is the units digit of r?
7
Let u be (4/(-2) + -3)*-1. Suppose 0 = u*g - 5*x - 35, 8 + 17 = -5*x. What is the units digit of g?
2
Let m = -2 + 43. Suppose 0 = 2*a - m + 15. What is the tens digit of a?
1
Let d = 14 - 18. Let k be 33 - (0 - -2)/2. What is the tens digit of (-8)/k + (-85)/d?
2
Suppose 4*d = f + 15, -2*d - 20 = -7*d + f. Suppose 3*c = 2*j, -2*j + j + 13 = d*c. What is the units digit of c*27/6 + -2?
7
Let g(n) = 3*n + 0*n - 2*n**2 + 2 - 1 - n**3 - n**2. What is the units digit of g(-4)?
5
Suppose 0 = 2*p - k + 23, 3*p + k + 49 = -p. Suppose -3*m + 34 = 5*v, 2*v = m - 2*v + 17. What is the units digit of (2/m)/(p/(-126))?
7
Suppose 2*v - 3*p - 3 = 6, -3*v = -3*p - 9. Suppose v*z - 4*z = 3*x - 78, 4*z + 12 = 0. Suppose -g + 4*g - x = 0. What is the units digit of g?
0
Suppose -2*b = -0*t - 2*t + 12, -2*t + 4 = 0. Let h = b - -13. What is the units digit of 66/h - 2/(-3)?
8
Let f(b) be the first derivative of -b**3/3 - 7*b**2/2 - 4*b + 2. Let q be f(-3). Let p = -6 + q. What is the units digit of p?
2
Let y(j) = -6*j**3 + 30*j**2 - 25*j + 6. Let r(d) = -d**3 + 6*d**2 - 5*d + 1. Let m(a) = -11*r(a) + 2*y(a). What is the tens digit of m(-7)?
1
Suppose 0 = -2*d - 19 + 67. Suppose -d = -s - 2*s. What is the units digit of s?
8
Let w(v) = -2*v**3 + v**2 + 3*v + 25. What is the tens digit of w(-4)?
5
Let v be (-4)/(-6)*18/4. What is the units digit of -2 + v/(-3) - -4?
1
Let u(t) = t**3 + t**2 + t - 6. Let g be u(0). What is the tens digit of 189/12 - g/(-8)?
1
Suppose a = -0*a - 2. Let z = a + 3. What is the units digit of z?
1
Suppose -3*q = -2*q - 27. Suppose -q = -3*i + 12. What is the tens digit of i?
1
Let t(i) = -i + 5. Let l be t(5). Suppose l = 2*v - 2*k - 24, -5*v + v = -k - 54. What is the units digit of v?
4
Let u = -14 - -19. Suppose 0 = -u*r + 72 + 88. What is the tens digit of r?
3
Suppose -4*d - 50 = -142. Suppose 28 + d = 3*h. What is the units digit of h?
7
What is the tens digit of (-1 - (-2)/(-3))*-9?
1
Let m be 2 + (1*20 - 1). Let z = -1 + m. Suppose z + 14 = 2*t. What is the tens digit of t?
1
Let w(s) = 8*s - 1. What is the units digit of w(4)?
1
Let m be -4 - 0/((-2)/(-2)). Let i(w) = w**2 + w + 4. What is the units digit of i(m)?
6
Let w(z) = z**2 + 3*z + 3. Let m(b) = -5 + b**3 + 4*b**2 + 0 + 0*b**2 + 3*b**2. Let i be m(-7). What is the units digit of w(i)?
3
Suppose 0 + 2 = 2*z. What is the units digit of z?
1
What is the units digit of 4/(-10) + 44/10?
4
Suppose -5*l = w, -2*l = -0*l - 4*w. What is the units digit of 3/6*(l + 2)?
1
Let c(y) be the first derivative of -y**4/4 + y**2/2 + 3*y - 1. Let r be c(0). Suppose 4 = -4*l - 5*m + 97, -r*m = -5*l + 70. What is the tens digit of l?
1
Let o = 29 + -10. Let w = o - 12. What is the units digit of w?
7
Let d(f) = 10*f**2 - 2*f + 1.